e remainder when 3281652 is divided by 106?
104
What is the remainder when 141678 is divided by 3295?
3288
Calculate the remainder when 28553556 is divided by 5130.
5106
What is the remainder when 39455 is divided by 9217?
2587
What is the remainder when 158116 is divided by 52701?
13
What is the remainder when 3833353 is divided by 1748?
1737
What is the remainder when 1646900 is divided by 171?
170
What is the remainder when 2278902 is divided by 758823?
2433
Calculate the remainder when 78522 is divided by 25371.
2409
Calculate the remainder when 36449238 is divided by 18418.
16
Calculate the remainder when 1152798 is divided by 384200.
198
What is the remainder when 1152577 is divided by 64026?
109
What is the remainder when 46225288 is divided by 14698?
78
What is the remainder when 26246708 is divided by 1739?
1720
Calculate the remainder when 28104 is divided by 4142.
3252
What is the remainder when 454705 is divided by 394?
29
Calculate the remainder when 352277907 is divided by 170.
167
What is the remainder when 26714038 is divided by 144400?
38
Calculate the remainder when 24065 is divided by 2186.
19
What is the remainder when 835984 is divided by 7?
2
What is the remainder when 142233 is divided by 42?
21
What is the remainder when 26882 is divided by 3655?
1297
Calculate the remainder when 45324 is divided by 7519.
210
Calculate the remainder when 76575 is divided by 4024.
119
Calculate the remainder when 1173033582 is divided by 1744.
1742
What is the remainder when 7158900 is divided by 1998?
66
Calculate the remainder when 9320187 is divided by 366.
363
Calculate the remainder when 186964 is divided by 516.
172
Calculate the remainder when 428204298 is divided by 22.
16
What is the remainder when 2073086 is divided by 318?
44
What is the remainder when 4001631 is divided by 4001630?
1
Calculate the remainder when 1387323 is divided by 1696.
1691
What is the remainder when 426107 is divided by 327?
26
What is the remainder when 111163 is divided by 3477?
3376
Calculate the remainder when 134971 is divided by 66429.
2113
Calculate the remainder when 6601515 is divided by 1320297.
30
What is the remainder when 11309153 is divided by 3112?
145
Calculate the remainder when 357421 is divided by 71374.
551
What is the remainder when 2254320 is divided by 54?
36
What is the remainder when 765374 is divided by 10484?
42
What is the remainder when 1400600 is divided by 206?
6
What is the remainder when 255009990 is divided by 483?
480
What is the remainder when 79213 is divided by 3146?
563
Calculate the remainder when 26993645 is divided by 88.
85
What is the remainder when 34361986 is divided by 2454427?
8
Calculate the remainder when 1257384 is divided by 8060.
24
What is the remainder when 3642330 is divided by 2611?
2596
What is the remainder when 351771 is divided by 17587?
31
What is the remainder when 79132372 is divided by 1066?
1060
Calculate the remainder when 85830883 is divided by 19.
17
Calculate the remainder when 2322539 is divided by 690.
689
What is the remainder when 18828121 is divided by 513?
508
What is the remainder when 2304777 is divided by 282?
273
What is the remainder when 1569062 is divided by 4334?
154
What is the remainder when 2413330 is divided by 209?
7
What is the remainder when 5872076 is divided by 3574?
3568
What is the remainder when 928567 is divided by 523?
242
What is the remainder when 5344431 is divided by 54?
51
What is the remainder when 12501961 is divided by 24?
1
What is the remainder when 37016 is divided by 20?
16
Calculate the remainder when 8406436 is divided by 223.
5
What is the remainder when 36172 is divided by 9004?
156
Calculate the remainder when 133179643 is divided by 15.
13
Calculate the remainder when 106881270 is divided by 7.
6
Calculate the remainder when 155141364 is divided by 331.
9
Calculate the remainder when 4636382 is divided by 68.
6
Calculate the remainder when 811976 is divided by 5564.
5196
What is the remainder when 4096987 is divided by 3691?
3668
What is the remainder when 4562012 is divided by 4561992?
20
Calculate the remainder when 35605 is divided by 31494.
4111
Calculate the remainder when 679670 is divided by 16572.
218
Calculate the remainder when 1119832 is divided by 458.
22
Calculate the remainder when 512996 is divided by 128249.
0
What is the remainder when 1415196 is divided by 39305?
216
What is the remainder when 25387 is divided by 617?
90
What is the remainder when 1055200 is divided by 87915?
220
Calculate the remainder when 559338 is divided by 288.
42
What is the remainder when 9791790 is divided by 45?
15
Calculate the remainder when 9862460 is divided by 140.
20
Calculate the remainder when 3733989 is divided by 33.
6
Calculate the remainder when 157294 is divided by 69.
43
What is the remainder when 36887 is divided by 5511?
3821
Calculate the remainder when 2127658 is divided by 17879.
57
What is the remainder when 4791 is divided by 3483?
1308
Calculate the remainder when 118540 is divided by 17.
16
What is the remainder when 1632278 is divided by 196?
186
Calculate the remainder when 30044086 is divided by 1370.
1356
Calculate the remainder when 652173 is divided by 14822.
5
Calculate the remainder when 197624 is divided by 16461.
92
What is the remainder when 6655713 is divided by 54?
51
What is the remainder when 354993 is divided by 4998?
135
Calculate the remainder when 85115442 is divided by 58.
36
What is the remainder when 188859 is divided by 7854?
363
Calculate the remainder when 142908203 is divided by 343.
340
What is the remainder when 7666201 is divided by 19?
5
What is the remainder when 6755615 is divided by 189?
188
Calculate the remainder when 9570469 is divided by 10.
9
Calculate the remainder when 18074936 is divided by 30.
26
Calculate the remainder when 1582126 is divided by 3209.
89
Calculate the remainder when 204042 is divided by 203952.
90
Calculate the remainder when 536098 is divided by 516.
490
What is the remainder when 4407841 is divided by 6315?
6286
Calculate the remainder when 3685368 is divided by 281.
53
What is the remainder when 5973971 is divided by 79651?
146
Calculate the remainder when 742907 is divided by 15471.
299
Calculate the remainder when 21548 is divided by 457.
69
Calculate the remainder when 146237 is divided by 64.
61
Calculate the remainder when 2086528 is divided by 2481.
7
Calculate the remainder when 435863 is divided by 4403.
4369
Calculate the remainder when 92591941 is divided by 40.
21
What is the remainder when 640265 is divided by 28?
17
Calculate the remainder when 895518 is divided by 768.
30
Calculate the remainder when 6192905 is divided by 47637.
95
Calculate the remainder when 1318477 is divided by 263695.
2
What is the remainder when 4236038 is divided by 105898?
118
What is the remainder when 183223952 is divided by 19?
17
Calculate the remainder when 78702216 is divided by 27.
24
Calculate the remainder when 732729 is divided by 542.
487
What is the remainder when 891233 is divided by 1561?
1463
What is the remainder when 27371006 is divided by 37?
34
What is the remainder when 34546915 is divided by 1919272?
19
What is the remainder when 584472 is divided by 373?
354
What is the remainder when 44867677 is divided by 583?
580
What is the remainder when 867615 is divided by 26?
21
Calculate the remainder when 1748119585 is divided by 34.
31
Calculate the remainder when 37887863 is divided by 2445.
143
What is the remainder when 133642 is divided by 21882?
2350
Calculate the remainder when 30093517 is divided by 67.
65
Calculate the remainder when 736534 is divided by 2833.
2787
What is the remainder when 681576 is divided by 170384?
40
Calculate the remainder when 3230211 is divided by 1319.
1299
What is the remainder when 43072877 is divided by 58128?
29
Calculate the remainder when 540145 is divided by 35.
25
Calculate the remainder when 12509693 is divided by 6254805.
83
What is the remainder when 1108305 is divided by 27?
9
Calculate the remainder when 65024360 is divided by 1048780.
0
What is the remainder when 1609090 is divided by 88?
10
Calculate the remainder when 4594532 is divided by 3.
2
What is the remainder when 102362 is divided by 325?
312
Wh